= 17 + -6. Suppose 0 = 4*q - 9 - i. Suppose -2*x + x = -q. What is the units digit of x?
5
Suppose 20 = 3*k + 5*j, 4*j + 54 + 41 = 5*k. Let m = k + 6. What is the tens digit of m?
2
Let q be ((-1 - 2)*2)/(-1). Suppose 0 = 4*r, -4*r = -3*s + q*s - 54. Suppose -3*m = 3*t - s, -t + m + 4 + 2 = 0. What is the units digit of t?
6
Suppose -w + 1 + 0 = 0. Let d be 8 - (-2 + 3 - w). Suppose 3*a + d - 47 = 0. What is the tens digit of a?
1
Let h = -248 - -144. What is the tens digit of 16/h - 496/(-13)?
3
Suppose 8*c - 3*c - 5*p = 45, 5*c = -p + 15. What is the units digit of c?
4
Let u(v) = v**3 - 7*v**2 + v - 7. Let j be u(7). Let h be j - 3*(-4)/6. Suppose h = 2*r + 5*q, -3*q = 6 - 0. What is the units digit of r?
6
Suppose -4 = 5*a + 4*i - 2*i, 5*i = -4*a - 10. Suppose -c - 2*m + 5 + 5 = a, -5*c + m = -94. What is the tens digit of c?
1
Let s(c) = c**3 - 4*c**2 - 4*c - 7. Let r be -1 + 0 - (-4 + -2). Let m be s(r). Let b = 7 + m. What is the units digit of b?
5
Let t(j) = -2*j**3 - 4*j**2 - 2*j. Suppose 6*i - 3*i = 3*d, i = 3*d + 4. Let n be t(i). Suppose 4*u = 8, -f + n*u + 2 = 3*u. What is the units digit of f?
4
Suppose 0*k + 3*k = 15. Suppose -3*n + k*n = 24. Let y = n + -7. What is the units digit of y?
5
Let r = 4 - 4. Let b = r - -2. What is the units digit of (21 + -5)*1/b?
8
Suppose -4*j + 2*m + 16 = 0, -3*j + 11 = -4*m - 6. What is the units digit of j?
3
Suppose 153 = 5*o - 157. Let y = o - 30. Suppose -5*m + 4*c + y = 0, -4*m - c + 19 = -2*c. What is the units digit of m?
4
What is the hundreds digit of 174/(-4)*(-6 - 20/(-6))?
1
Suppose -11 = -3*r + 34. What is the tens digit of r?
1
Let m(f) = -f**3 + 6*f**2 + 3. Let v be m(6). Suppose 4*w - v*w = -2. What is the units digit of ((-3)/4)/(w/24)?
9
Suppose 31 = i - 0*i. Suppose -c + 8 = k, -2*k - 5*c - 9 = -i. What is the units digit of k?
6
Suppose -5 - 177 = -7*l. What is the units digit of l?
6
Let b(s) = 14*s - 1. What is the units digit of b(2)?
7
Suppose -5*x = -b - 23, 0 = -4*b + 5*x - 0*x - 17. Let n be (b - 0) + 2*-5. What is the units digit of 12/(-16) + (-30)/n?
3
Suppose 0 = -6*h + 337 + 155. What is the units digit of h?
2
Let z = 42 - 27. What is the units digit of z?
5
Let w = -16 + 22. Let q be 0/((-1)/(2/4)). Let x = w - q. What is the units digit of x?
6
Suppose 2*n + 7 = 1. Let y be 16 + 4*n/(-6). Let o = -9 + y. What is the units digit of o?
9
Let i(d) = 7 + 10*d - 9*d + 2. Let l = 24 + -17. What is the units digit of i(l)?
6
Suppose 3*g - 62 = 2*v, 4*g = 4*v + 28 + 56. What is the units digit of g?
0
Let x = -56 - -149. What is the tens digit of x?
9
Suppose -3*n - 5*c + 3 = -4*c, 3*c - 9 = 0. Let f = n + 10. What is the tens digit of f?
1
Let j = -2 - -25. What is the units digit of j?
3
Let v be (-3)/15 - 136/(-5). Suppose -v - 6 = -3*w. What is the units digit of w?
1
Suppose -3*l + 24 = -3. Let c = l - 2. What is the units digit of c?
7
Suppose k = -3*k. Suppose k = 4*h + 5 - 33. What is the units digit of h?
7
Let a be 16 - 16 - (0 - 88). Suppose 2*g + 0*p = p + a, 5*g - p - 214 = 0. What is the units digit of g?
2
What is the tens digit of (0 + (-10)/6)/(10/(-240))?
4
Let i = 32 - 43. Let b(h) = -h**3 + h**3 - 11*h**2 + 10 - h**3. What is the tens digit of b(i)?
1
What is the units digit of (228/10)/(-2 + 64/30)?
1
Suppose -i + 1 = -r - 1, 48 = 4*i + 4*r. Let a = i + -5. Suppose -o + 10 = 2*g, 4*o + 3*g + a*g - 34 = 0. What is the units digit of o?
6
Let m be (-9)/(1/(-5) - 0). Suppose 15 = h + 2*h. Suppose m = 5*l + h. What is the units digit of l?
8
Let y = 104 - 44. Suppose p - y = -4*i + 4*p, 5*p = i - 15. Suppose 4 = -4*b + b - 2*k, -i = -5*b + k. What is the units digit of b?
2
Let m = -14 + 14. Suppose m = 5*r - 67 - 78. What is the units digit of r?
9
Let t(n) = -2*n**2 + 17*n - 14. What is the units digit of t(6)?
6
Let c = -4 + 7. Suppose -34 - 2 = -3*m. Suppose -c*u + m = -u. What is the units digit of u?
6
Suppose 3*i = 5*q - 116 - 50, -28 = -q - 2*i. Suppose b - 4*m = q, -4*b = 6*m - 11*m - 73. What is the tens digit of b?
1
Let t(x) = x**3 - 8*x**2 - 9*x + 30. What is the tens digit of t(9)?
3
Let b = -12 - -7. Let m = -2 - b. What is the units digit of m?
3
Let g(a) be the first derivative of -a**3/3 + 9*a**2/2 - 2*a + 2. Let u be g(9). What is the units digit of (u + -1)/(15/(-20))?
4
Let k(l) be the second derivative of 11*l**3/6 + l**2/2 + 3*l. What is the tens digit of k(1)?
1
Let i(d) = -14*d - 34. What is the units digit of i(-5)?
6
Let n = 10 + 195. Suppose -6*g + n = -g. What is the tens digit of g?
4
Let p(x) = x - 2. Let b be (-12)/4 - 5*-2. What is the units digit of p(b)?
5
Suppose 5*c - 2*c - 2*q - 1200 = 0, -5*c - 4*q = -2022. What is the hundreds digit of c?
4
Let l(k) = -6*k - 1. Let s be l(-1). Let g = 9 - s. What is the units digit of (-9)/12 - (-15)/g?
3
Suppose 2*z + 3*x - 434 = 0, -235 = -z + 3*x - 0*x. What is the units digit of z?
3
Let v be (7 - 4)/(6/26). Suppose -20 = -5*b - 4*n + 3*n, 0 = -2*b + 5*n - 19. Suppose 2*z = b + v. What is the units digit of z?
8
Suppose 4*t = 6*t - 14. Let o = t + -6. Suppose -7 = -3*x - o. What is the units digit of x?
2
Let y(b) = -b**3. Let z be y(0). Suppose z*k + 3*j + 4 = k, 4*j = -k + 11. What is the units digit of k?
7
Let x be ((-2)/4)/((-2)/4). Let r be x*(0 + (2 - 1)). What is the tens digit of 13 + 0 + -2 + r?
1
Suppose 15 = 3*s - 270. What is the tens digit of s?
9
Let t = 28 + -24. Suppose 0 = -2*r + t*k + 50, 4*r - 4*k = -0*r + 116. What is the units digit of r?
3
Let t be 2 - (-3 + 2 + 1). Let w be 10/2 - t/1. Suppose 0*r - w*r = -2*n + 11, 2*r = -5*n + 56. What is the units digit of n?
0
Suppose 0 = 2*z - 6*z + 24. Let o(j) = 2*j**2 - 8*j - 6. Let i be o(z). Suppose -a = -3*a + i. What is the units digit of a?
9
Suppose 4*q = 0, 0 = -5*h + 2*q - 4 + 24. Suppose h = 2*z - 0*z. Suppose -a = 4*i - 3, z*i = 5*i + 3. What is the units digit of a?
7
Let d(t) = -13*t - 9. What is the units digit of d(-2)?
7
Suppose -1409 + 314 = -5*c. What is the hundreds digit of c?
2
Suppose -4*o - 5 = -9*o. Let b be (0 + o)/((-2)/(-32)). Suppose -b = -5*v - 1. What is the units digit of v?
3
Let q(c) = -2*c - 10. Suppose j - 2*j + 28 = 0. Suppose 0 = -o + 5*o + j. What is the units digit of q(o)?
4
Let a = -12 + 21. What is the units digit of a?
9
Let j = -16 - -169. What is the hundreds digit of j?
1
Let c be 6/9 - 7/(-3). Suppose -7 = -4*v + v + 4*s, 4*s = -c*v - 1. What is the units digit of v?
1
Let a(z) be the third derivative of z**4/24 + z**3/6 - z**2. What is the units digit of a(0)?
1
Let b(f) = -f**2 + 4*f - 3. Suppose -h + 1 = 5. Let w = h + 6. What is the units digit of b(w)?
1
Let h(t) = -2*t + 10. What is the units digit of h(-11)?
2
What is the tens digit of 36/54 - 326/(-6)?
5
Suppose 0 = -2*n + n - 3*b - 11, 3*b + 3 = 3*n. Let o(x) = -x**3 - 3*x**2 + 2. Let y be o(n). What is the units digit of 12/((-5)/y + -1)?
8
Let w(h) = -h**3 + 35. What is the tens digit of w(0)?
3
Suppose 7*c - 20 = 2*c. Let l be 8 - (-2 + c/2). Suppose 3*n = 2*n + l. What is the units digit of n?
8
Let q(k) = 80*k**2 + 5*k - 11. What is the units digit of q(2)?
9
Suppose 0 = t - 5*c + 16, t + 14 + 2 = 2*c. Let f = 49 + t. What is the tens digit of f?
3
Suppose -45 = -4*r + 63. Suppose -g - a - 2*a + 5 = 0, -3*g + r = -3*a. What is the units digit of g?
8
What is the units digit of (2/4)/(3/204)?
4
Let g(b) be the second derivative of 0 + 3/2*b**2 + 4*b - 1/6*b**3. What is the units digit of g(0)?
3
Let s = -110 + 184. What is the units digit of s?
4
Let c(b) = 4*b**2 - 2*b - 2. Let d be c(-2). Suppose 0 = -2*t + 10 + d. What is the units digit of t?
4
Suppose 5*l - 3*a = -4, 8*l - 17 = 3*l - 4*a. What is the units digit of l?
1
Let l(c) = -2*c**3 + 2*c + 1. Suppose -4 = q - 3. What is the units digit of l(q)?
1
Suppose 2*q - 4*n = -294, 5*n = -0*q - 4*q - 627. Let c be 3/(-6) - q/6. Suppose -x + 17 = 4*u - c, -3*u - 3*x + 36 = 0. What is the units digit of u?
0
Let v(l) = -73*l**3 + l**2 - l - 1. What is the tens digit of v(-1)?
7
Suppose -2*z + 3 + 5 = -a, 0 = -4*a - 2*z - 2. Let l(y) = -1 + 2*y - 3*y - y - 7*y. What is the tens digit of l(a)?
1
Let g(y) = -y**2 + 10*y + 11. Let z be (-4)/2*(-5 - 0). What is the units digit of g(z)?
1
Suppose -s = -3*p - 4*s + 1083, 0 = 5*p - 4*s - 1760. What is th